= 7, -l - 3 = 2*d. Let j be (-2 - -6) + 4/l. Suppose -5*k = -20 - j. What is p(k)?
-4
Let d = -81 + 80. Let b(h) = 2 - 3 + 2 + 2*h**2 + 16*h**3 - 3*h**2. Calculate b(d).
-16
Let u(s) be the third derivative of -s**5/60 + s**4/24 - s**3/3 - 247*s**2. What is u(4)?
-14
Let h(u) = u**2 - 6*u + 4. Let s = 2168 - 2160. Calculate h(s).
20
Let v = 42 - 31. Suppose v*b = 12*b - 3. Let a(z) = -4*z + 1. What is a(b)?
-11
Let c(r) = -32*r + 15. Let m(p) = 62*p - 26. Let u(b) = -5*c(b) - 3*m(b). Determine u(1).
-23
Let f(u) = -1 - 4*u**2 + u + 0*u - 6 + u - u**3. Let j = 444 - 449. Give f(j).
8
Let t(h) = -h**2 - 10*h + 11. Suppose 0 = 258*q - 263*q - 50. Determine t(q).
11
Let p(q) be the first derivative of q**2 - 7*q + 2. Suppose 3*i - 27 = 4*x, -11*x - 10 = -5*i - 16*x. What is p(i)?
3
Let d(w) = -w**2 - w + 2. Suppose -6*f + 5*f + 2*p - 1 = 0, -f + 2 = -3*p. Let s be (-2)/f + ((-192)/(-21))/(-4). Give d(s).
0
Suppose 1 = -f + 3. Let s(b) = 14*b**3 + 4*b**3 - 11*b**f + 10*b**2. Give s(1).
17
Suppose -x + 23 = 4*g, -5*x + 20 = -2*g + 3*g. Let p(w) = 3*w + 3. Let b(j) = -j**2 - 6*j - 6. Let f(u) = 2*b(u) + 5*p(u). Calculate f(x).
-6
Let p(x) = -9*x**2 + 2*x + 3. Let b(u) = -u**2. Let q(y) = 6*b(y) - p(y). Let j be (-6 - -9)*-2 - -9. What is q(j)?
18
Let s(m) be the third derivative of m**5/12 - m**4/12 - 5*m**3/6 - 6*m**2. Let y(f) = 14*f**2 - 7*f - 15. Let t(i) = -11*s(i) + 4*y(i). What is t(4)?
-13
Let q = 13 - 8. Let s(u) be the third derivative of -u**6/120 + u**5/15 + 7*u**4/24 - 2*u**3/3 - 1095*u**2. Give s(q).
6
Let z = 119 + -78. Let u be (-3)/(-18) + z/6. Let s(m) = m**3 - 7*m**2 - 8. Determine s(u).
-8
Let i(f) be the first derivative of -f**4/4 + 3*f**3 - 9*f**2/2 + 11*f - 4. Let t be i(8). Let j(m) = -2*m - 5 - t*m**2 - 4*m + 2*m**2. Determine j(-5).
0
Let f = -7 + 10. Suppose f*u - 2 = 4. Let p(x) = -x - x + x + u*x - 1. Determine p(-4).
-5
Let x(w) = -2*w**3 - 6*w**2 + 560*w - 5 + w**3 - 1126*w + 561*w. What is x(-4)?
-17
Let i be ((-52)/117)/((-4)/18). Let z(t) = -4 + 156*t + 4 - t**i - 161*t - 5. What is z(-7)?
-19
Let i(p) = -p**2 + 4*p + 8. Let o = -13 + 18. Let v = 9 - o. Let k be v/(5/((-45)/(-6))). Determine i(k).
-4
Let k(g) be the first derivative of g**2/2 + 7*g + 26. Give k(-11).
-4
Let o(v) = v - 22. Let x(f) = -f + 15. Let u(g) = g**3 + 12*g**2 - 15*g - 31. Let j be u(-13). Let z(b) = j*o(b) - 7*x(b). Determine z(-4).
-3
Let a = -6 - -9. Let j(b) = b**3 + 6*b**2 + 6*b + 1. Let i(t) = 1. Suppose -p - p = -o - 7, 20 = -4*o. Let l(y) = a*i(y) + p*j(y). Calculate l(-5).
-1
Let h = 14 - 12. Suppose h = -k - 1. Let p be (-114)/(-18) + k/9. Let c(o) = -o**2 + 8*o - 7. Determine c(p).
5
Suppose -2*i - k = 3, 5*k + 13 + 2 = 0. Suppose i*x = -2*x - 6. Let f be 1 + 4 - (5 + x). Let a(v) = -v**2 + 2*v - 3. Determine a(f).
-6
Let z(u) = -5 - 5 + 8*u + 8. Suppose -3*r + 8 = r + 5*l, -3*l = -4*r + 8. Calculate z(r).
14
Let z(n) = -n**3 - 7*n**2 + 2*n - 1. Suppose 3*q = 2*s, -20 = -54*s + 58*s - q. Give z(s).
-49
Let d(j) = 2*j - j**2 - 8 + 4*j**2 + 0*j - j**3. Let f(k) = -3*k**3 + 7*k**2 + 5*k - 17. Let o(h) = 5*d(h) - 2*f(h). Let p = -21 - -21. Determine o(p).
-6
Let k(h) = -h**3 - 4*h**2 - 7*h - 32. Let d be k(-4). Let t(y) = -y**3 - 3*y**2 + 5*y + 4. Calculate t(d).
0
Suppose 0 = f - 3*a - 1, -3*f + 13 = a - 10. Let u(s) = 3*s + 8. Let m(j) = j + 3. Let w(v) = -17*m(v) + 6*u(v). Calculate w(f).
4
Let b(c) = c**3 + 6*c**2 - 7*c - 5. Let n = -139 + 132. Calculate b(n).
-5
Let j(b) = -b**2 - 8*b - 12. Suppose -30*w - 5 = 175. What is j(w)?
0
Let y = 68 + -62. Suppose j + 29 = -5*c, 0 = j - 0*c - 2*c - y. Let w(m) = m - 1. Give w(j).
-5
Let b(q) be the second derivative of -q**3/3 + 2*q**2 + 2*q. Suppose 0*p - 2*r + 2 = -4*p, 2*p + 3*r = -21. What is b(p)?
10
Let o(v) = v**3 - 4 + 4 - 1889*v**2 + 1899*v**2. Calculate o(-10).
0
Let y(u) be the third derivative of u**5/60 + 5*u**4/24 + u**3/6 + 526*u**2. Determine y(-5).
1
Let h(q) = -q**3 + 5*q**2 - 4*q + 5. Let a = -33 + 34. Suppose -t - 5 = 0, t + a = 6*g - 7*g. Determine h(g).
5
Let y(o) = -o**2 + 2*o - 1. Let c(n) = n**3 - 4*n**2 - 2*n - 5. Let a(p) = c(p) + 3*y(p). Determine a(6).
-20
Let m = 61 + -66. Let u(g) = g - 5. Let f(w) = w - 4. Let l(d) = m*u(d) + 6*f(d). Suppose v = -0*v. Calculate l(v).
1
Let q(g) = -g**3 - 3*g**2 + 2*g - 4. Let u(o) = -o**2 + 6*o + 7. Suppose -5*w + 2 - 17 = 0. Let z be u(w). Let h be ((-12)/16)/((-5)/z). What is q(h)?
-10
Let i(l) = -22*l - 162. Let u be i(-7). Let m(y) = -2*y - 21. Determine m(u).
-5
Let b(z) = z + 1. Suppose -5*c - 80 = -0*c. Let p = c - -17. Suppose l + p = -3. Give b(l).
-3
Let y(n) = n + 8. Let c be y(-4). Let v = -8 + c. Let m(o) = -o. Let q(t) = -4*t + 6. Let w(x) = 5*m(x) - q(x). Give w(v).
-2
Let u(a) = 0*a**2 + 41 - 53 - 7*a + a**2. Give u(9).
6
Let l(f) = f**2 - 13*f + 15. Suppose 0 = 24*h + 31 - 319. Give l(h).
3
Let d(w) = -4*w + 4. Let r be (-7 + 1 + 12)*(-5)/(-6). What is d(r)?
-16
Let y(x) = -2*x**2 + x + 2. Let i(j) = -11*j**2 - 5*j + 14. Let u(z) = i(z) - 5*y(z). Give u(-10).
4
Suppose -66 = 42*u - 318. Let h(d) = -d**3 + 5*d**2 + 4*d + 10. Determine h(u).
-2
Let f(z) = 5*z**2 + 20*z + 5. Suppose -5*s + 5*d - 25 = 0, 6*d + 52 = -4*s + 2*d. Let v(c) = -c**2 - 5*c - 1. Let b(r) = s*v(r) - 2*f(r). Give b(2).
5
Let t(g) be the third derivative of g**5/60 - g**3/6 + g**2 - 14*g. Let x = 5 - 4. Determine t(x).
0
Let w(j) = -2*j - 3. Suppose -4*x - x + 69 = -3*k, -3*x + 5*k + 51 = 0. Suppose 4*n + x = -n - 2*p, 0 = 5*n + p + 11. What is w(n)?
1
Let r(h) = -h**3 + 6*h**2 - 5*h + 1. Suppose -13 = 2*d - 23. What is r(d)?
1
Let b(y) = -7*y - 112. Let p be b(-16). Let i(k) = k**2 + k + 3. Determine i(p).
3
Let w(b) be the first derivative of b**4/4 - 2*b**3/3 - 5*b**2/2 + 4*b - 127. Let l(h) = -h + 9. Let p be l(5). What is w(p)?
16
Let w(c) = c**2 + 2*c + 3. Let u(q) = -q + 14. Suppose -7*p + 58 + 54 = 0. Let i be u(p). What is w(i)?
3
Let b(a) = -29 + 3*a + 10 + 15 + 5. What is b(-1)?
-2
Let z(c) = -6*c - 23. Let k(o) = 6*o + 29. Let r(x) = 3*k(x) + 4*z(x). Calculate r(0).
-5
Let l(w) = -w + 3. Let s(z) = 5*z + 7. Let a be s(-5). Let t = a - -27. Suppose k + 2*m - t = -1, -4*k = -4*m + 16. Calculate l(k).
3
Let q = 56 - 51. Let d(p) = p**3 - 4*p**2 - 5*p. Give d(q).
0
Suppose 11 = 6*j - 13. Let t be 1/4 + (j - 35/(-20)). Let l(k) = -7*k + k**2 + 6*k**2 + 2 - 1 - k**3. Determine l(t).
-5
Let s(r) = -r + 5. Suppose 0 = -5*u - 5*m, -2 = m + 3. Determine s(u).
0
Let x be ((-1)/(-2))/((-3)/(-18)). Let j = 4 - -6. Let s(h) = 4*h**2 + h**x + h + j + 0*h**2 - 15. Calculate s(-4).
-9
Let h(n) = n**2 + 6*n + 3. Let f = 7 + -42. Let j = f - -30. Determine h(j).
-2
Let q = -14 - -24. Let j(l) = -2*l + 7*l + 4*l - q*l. Let i = 2 - 1. What is j(i)?
-1
Suppose 10*b - 12*b = 30*b. Let s(m) = m**3 + m**2 + 4*m - 12. Determine s(b).
-12
Let l(y) = -61 + 39 - 6*y**2 - 2*y + 24. Determine l(1).
-6
Suppose -75*i + 261 = -39. Let n(u) = u**3 - 3*u**2 - 8*u + 10. Give n(i).
-6
Let n(t) = -24*t - 44. Let k(s) = -15*s - 22. Let m(a) = 5*k(a) - 3*n(a). Give m(11).
-11
Let x be -1 + -1 - -9 - 0. Let c(v) = 5*v + 106. Let d(f) = 6*f + 133. Let m(j) = -5*c(j) + 4*d(j). Calculate m(x).
-5
Let g(r) = -12*r + 1. Let i(w) = w**3 - 32*w**2 + 31*w + 8. Let f be i(31). Suppose f*x = 8 - 0. What is g(x)?
-11
Let l(f) = -4*f - 1. Suppose 4*q + 5*u = 2, 2*u - 5 = 3*q - 18. Suppose -2 = -5*t + 4*w, -w + 0 - q = 0. Calculate l(t).
7
Let o(t) = -t**3 - 3*t**2 + 2*t - 4. Let h be -6*(6/(-4) + -1). Let q = -19 + h. What is o(q)?
4
Let a(q) = -q**2 + 12*q - 2. Suppose 12*u + 107 = 239. Give a(u).
9
Let u(l) be the third derivative of -l**5/20 - l**3/6 - 32*l**2. Calculate u(-2).
-13
Let u(b) = 9*b - 5. Let a(j) = 5*j - 3. Let d(v) = -7*a(v) + 4*u(v). Let t be ((-2)/8*4)/(1/(-3)). Suppose 2*q + 0*q = -3*l + 20, -3*q + t = 0. Calculate d(l).
7
Let g = 1260 + -1255. Let n(c) be the third derivative of -1/3*c**3 + 1/24*c**4 + 0 + g*c**2 + 0*c. What is n(1)?
-1
Let o be (13/2)/(3/(-6)). Let w = o + 14. Let f(t) = -7*t. Calculate f(w).
-7
Let a(f) = f**3 - 6*f**2 - 10*f + 6. Suppose -s + 2*b + 2 = 0, 8 = 4*s + b - 4*b. Suppose 4 + 10 = s*p. Determine a(p).
-15
Let g(p) be the first derivative of -p**3/3 + 2*p + 9. What is g(-2)?
-2
Let x = 61 + -38. Let w(q) = -27*q + 78*q - 27*